{"id":8580,"date":"2024-05-29T17:29:27","date_gmt":"2024-05-29T20:29:27","guid":{"rendered":"https:\/\/colegionsloreto.cl\/nsl2024\/?page_id=8580"},"modified":"2024-05-29T17:29:29","modified_gmt":"2024-05-29T20:29:29","slug":"biblioteca","status":"publish","type":"page","link":"https:\/\/colegionsloreto.cl\/nsl2024\/biblioteca\/","title":{"rendered":"Biblioteca"},"content":{"rendered":"\n<blockquote class=\"wp-block-quote is-layout-flow wp-block-quote-is-layout-flow\">\n<p class=\"has-text-align-center\">La Biblioteca del Colegio Nuestra Se\u00f1ora de Loreto, es un centro de recursos para el&nbsp;aprendizaje, donde los alumnos encuentran medios informativos y el apoyo humano necesario para el desarrollo de las habilidades de lectura, investigaci\u00f3n y pensamiento cr\u00edtico a trav\u00e9s de cuatro ejes:<\/p>\n\n\n\n<ul class=\"wp-block-list\">\n<li>Motivaci\u00f3n Lectora<\/li>\n\n\n\n<li>Desarrollo de habilidades<\/li>\n\n\n\n<li>Fomento cultural<\/li>\n\n\n\n<li>Plan Lector<\/li>\n<\/ul>\n<\/blockquote>\n","protected":false},"excerpt":{"rendered":"","protected":false},"author":2,"featured_media":0,"parent":0,"menu_order":0,"comment_status":"closed","ping_status":"closed","template":"","meta":{"footnotes":""},"class_list":["post-8580","page","type-page","status-publish","hentry"],"_links":{"self":[{"href":"https:\/\/colegionsloreto.cl\/nsl2024\/wp-json\/wp\/v2\/pages\/8580","targetHints":{"allow":["GET"]}}],"collection":[{"href":"https:\/\/colegionsloreto.cl\/nsl2024\/wp-json\/wp\/v2\/pages"}],"about":[{"href":"https:\/\/colegionsloreto.cl\/nsl2024\/wp-json\/wp\/v2\/types\/page"}],"author":[{"embeddable":true,"href":"https:\/\/colegionsloreto.cl\/nsl2024\/wp-json\/wp\/v2\/users\/2"}],"replies":[{"embeddable":true,"href":"https:\/\/colegionsloreto.cl\/nsl2024\/wp-json\/wp\/v2\/comments?post=8580"}],"version-history":[{"count":2,"href":"https:\/\/colegionsloreto.cl\/nsl2024\/wp-json\/wp\/v2\/pages\/8580\/revisions"}],"predecessor-version":[{"id":8587,"href":"https:\/\/colegionsloreto.cl\/nsl2024\/wp-json\/wp\/v2\/pages\/8580\/revisions\/8587"}],"wp:attachment":[{"href":"https:\/\/colegionsloreto.cl\/nsl2024\/wp-json\/wp\/v2\/media?parent=8580"}],"curies":[{"name":"wp","href":"https:\/\/api.w.org\/{rel}","templated":true}]}}